{"id":546,"date":"2011-11-26T20:18:57","date_gmt":"2011-11-26T19:18:57","guid":{"rendered":"https:\/\/www.biathlon24.de\/wordpress\/?page_id=546"},"modified":"2025-10-07T13:27:23","modified_gmt":"2025-10-07T12:27:23","slug":"schiesriemen","status":"publish","type":"page","link":"https:\/\/www.biathlon24.de\/?page_id=546","title":{"rendered":"Schie\u00dfriemen"},"content":{"rendered":"<p><span style=\"color: #000000;\"><strong>Privatverkauf<\/strong>.<br>Bitte schreiben Sie mir eine E-Mail von ihrer Auswahl der unten dargestellten Varianten . Der Zahlungsbetrag (Vorkasse) inkl. der Versandkosten werden innerhalb von 24 Std. zugemailt. <b>Eine Quittung (Privatverkauf) liegt nur auf Wunsch der Warensendung be<\/b><\/span><b>i.<\/b><br><span style=\"font-size: inherit;\"><br>E-Mail:<\/span><\/p>\n<p><a href=\"mailto:info@biathlon24.de\">Hier klicken f\u00fcr E-Mail<\/a><\/p>\n<p>&nbsp;<\/p>\n<p><span style=\"font-size: 18pt;\"><strong>Schie\u00dfriemen<\/strong> Standard <strong>16\u20ac<\/strong> <\/span><\/p>\n<p>Bitte den Farbwunsch der abgebildeten Varianten angeben.<\/p>\n<p><a href=\"https:\/\/www.biathlon24.de\/wp-content\/uploads\/2019\/04\/7CCD9A71-C6D8-49BC-B3DA-92D704808259.jpeg\"><img loading=\"lazy\" decoding=\"async\" class=\"alignnone size-medium wp-image-2066\" src=\"https:\/\/www.biathlon24.de\/wp-content\/uploads\/2019\/04\/7CCD9A71-C6D8-49BC-B3DA-92D704808259-850x478.jpeg\" alt=\"\" width=\"850\" height=\"478\" srcset=\"https:\/\/www.biathlon24.de\/wp-content\/uploads\/2019\/04\/7CCD9A71-C6D8-49BC-B3DA-92D704808259-850x478.jpeg 850w, https:\/\/www.biathlon24.de\/wp-content\/uploads\/2019\/04\/7CCD9A71-C6D8-49BC-B3DA-92D704808259-250x141.jpeg 250w, https:\/\/www.biathlon24.de\/wp-content\/uploads\/2019\/04\/7CCD9A71-C6D8-49BC-B3DA-92D704808259-1200x675.jpeg 1200w\" sizes=\"auto, (max-width: 850px) 100vw, 850px\" \/><\/a><a href=\"https:\/\/www.biathlon24.de\/wp-content\/uploads\/2020\/09\/71468340-760D-4E3A-A607-1728D0A687F6-scaled.jpeg\"><img loading=\"lazy\" decoding=\"async\" class=\"alignnone size-medium wp-image-2230\" src=\"https:\/\/www.biathlon24.de\/wp-content\/uploads\/2020\/09\/71468340-760D-4E3A-A607-1728D0A687F6-850x478.jpeg\" alt=\"\" width=\"850\" height=\"478\" srcset=\"https:\/\/www.biathlon24.de\/wp-content\/uploads\/2020\/09\/71468340-760D-4E3A-A607-1728D0A687F6-850x478.jpeg 850w, https:\/\/www.biathlon24.de\/wp-content\/uploads\/2020\/09\/71468340-760D-4E3A-A607-1728D0A687F6-1200x675.jpeg 1200w, https:\/\/www.biathlon24.de\/wp-content\/uploads\/2020\/09\/71468340-760D-4E3A-A607-1728D0A687F6-250x141.jpeg 250w\" sizes=\"auto, (max-width: 850px) 100vw, 850px\" \/><\/a><\/p>\n\n\n<p style=\"font-size:28px\"><br><strong>Schie\u00dfriemen Profi 36,-\u20ac<\/strong><\/p>\n\n\n\n<p>Schnell in der L\u00e4nge zu verstellen und zus\u00e4tzlich mit Top Grip unterlegt. F\u00fcr gute Stabilit\u00e4t . <br>Das Oberteil ist 38 mm breit .<\/p>\n\n\n\n<div class=\"wp-block-cover is-light\" style=\"min-height:300px;aspect-ratio:unset;\"><img loading=\"lazy\" decoding=\"async\" width=\"935\" height=\"600\" class=\"wp-block-cover__image-background wp-image-1854\" alt=\"\" src=\"https:\/\/www.biathlon24.de\/wp-content\/uploads\/2018\/02\/01_Schiessriemen_Profi.jpg\" style=\"object-position:45% 45%\" data-object-fit=\"cover\" data-object-position=\"45% 45%\" srcset=\"https:\/\/www.biathlon24.de\/wp-content\/uploads\/2018\/02\/01_Schiessriemen_Profi.jpg 935w, https:\/\/www.biathlon24.de\/wp-content\/uploads\/2018\/02\/01_Schiessriemen_Profi-300x193.jpg 300w, https:\/\/www.biathlon24.de\/wp-content\/uploads\/2018\/02\/01_Schiessriemen_Profi-768x493.jpg 768w\" sizes=\"auto, (max-width: 935px) 100vw, 935px\" \/><span aria-hidden=\"true\" class=\"wp-block-cover__background has-background-dim-0 has-background-dim\"><\/span><div class=\"wp-block-cover__inner-container is-layout-flow wp-block-cover-is-layout-flow\">\n<p class=\"has-large-font-size\"><\/p>\n<\/div><\/div>\n\n\n\n<p>Der Verkauf erfolgt unter Ausschluss jeglicher Sach\u00admangelhaftung oder Gew\u00e4hrleistung. Die Haftung auf Schaden\u00adersatz wegen Verletzungen von Gesundheit, K\u00f6rper oder Leben und grob fahr\u00adl\u00e4ssiger und\/oder vors\u00e4tzlicher Verletzungen meiner Pflichten als Verk\u00e4ufer bleibt davon unbe\u00adr\u00fchrt.<\/p>\n\n\n\n<p>Bitte schreiben Sie mir eine E-Mail:<\/p>\n\n\n\n<p><a href=\"mailto:info@biathlon24.de\">Hier klicken f\u00fcr E-Mail<\/a><\/p>\n\n\n\n<p><br><\/p>\n\n\n\n<p><\/p>\n\n\n\n<p><\/p>\n","protected":false},"excerpt":{"rendered":"<p>Privatverkauf.Bitte schreiben Sie mir eine E-Mail von ihrer Auswahl der unten dargestellten Varianten . Der Zahlungsbetrag (Vorkasse) inkl. der Versandkosten werden innerhalb von 24 Std. zugemailt. Eine Quittung (Privatverkauf) liegt nur auf Wunsch der Warensendung bei.E-Mail: Hier klicken f\u00fcr E-Mail &nbsp; Schie\u00dfriemen Standard 16\u20ac Bitte den Farbwunsch der abgebildeten Varianten angeben. Schie\u00dfriemen Profi 36,-\u20ac Schnell [&hellip;]<\/p>\n","protected":false},"author":12,"featured_media":0,"parent":557,"menu_order":2,"comment_status":"closed","ping_status":"closed","template":"","meta":{"ngg_post_thumbnail":0,"footnotes":""},"class_list":["post-546","page","type-page","status-publish","hentry"],"_links":{"self":[{"href":"https:\/\/www.biathlon24.de\/index.php?rest_route=\/wp\/v2\/pages\/546","targetHints":{"allow":["GET"]}}],"collection":[{"href":"https:\/\/www.biathlon24.de\/index.php?rest_route=\/wp\/v2\/pages"}],"about":[{"href":"https:\/\/www.biathlon24.de\/index.php?rest_route=\/wp\/v2\/types\/page"}],"author":[{"embeddable":true,"href":"https:\/\/www.biathlon24.de\/index.php?rest_route=\/wp\/v2\/users\/12"}],"replies":[{"embeddable":true,"href":"https:\/\/www.biathlon24.de\/index.php?rest_route=%2Fwp%2Fv2%2Fcomments&post=546"}],"version-history":[{"count":13,"href":"https:\/\/www.biathlon24.de\/index.php?rest_route=\/wp\/v2\/pages\/546\/revisions"}],"predecessor-version":[{"id":2440,"href":"https:\/\/www.biathlon24.de\/index.php?rest_route=\/wp\/v2\/pages\/546\/revisions\/2440"}],"up":[{"embeddable":true,"href":"https:\/\/www.biathlon24.de\/index.php?rest_route=\/wp\/v2\/pages\/557"}],"wp:attachment":[{"href":"https:\/\/www.biathlon24.de\/index.php?rest_route=%2Fwp%2Fv2%2Fmedia&parent=546"}],"curies":[{"name":"wp","href":"https:\/\/api.w.org\/{rel}","templated":true}]}}